{"id":4800,"date":"2026-04-29T08:39:21","date_gmt":"2026-04-29T06:39:21","guid":{"rendered":"https:\/\/grundschule-hirsau.de\/?page_id=4800"},"modified":"2026-04-29T08:50:05","modified_gmt":"2026-04-29T06:50:05","slug":"theaterprojekt-gegen-mobbing","status":"publish","type":"page","link":"https:\/\/grundschule-hirsau.de\/?page_id=4800","title":{"rendered":"Theaterprojekt gegen Mobbing"},"content":{"rendered":"\n<p class=\"has-medium-font-size\">Am 28. April war das Team von \u201eMensch: Theater!\u201c zu Gast an unserer Schule. Mit einer eindrucksvollen Szene aus dem Schulbus machten die Schauspielerinnen und Schauspieler das Thema Mobbing f\u00fcr alle erlebbar.<\/p>\n\n\n\n<p class=\"has-medium-font-size\">Die Szene wurde unterbrochen, um gemeinsam \u00fcber das Geschehen zu sprechen und L\u00f6sungsm\u00f6glichkeiten zu entwickeln. Sch\u00fclerinnen und Sch\u00fcler konnten eigene Ideen einbringen und die Situation selbst weiterspielen.<\/p>\n\n\n\n<p class=\"has-medium-font-size\">In anschlie\u00dfenden Gruppenarbeiten und \u00dcbungen wurden alle dazu ermutigt, aktiv zu werden und sich gegen Ungerechtigkeit einzusetzen.<\/p>\n\n\n<div class=\"wp-block-image\">\n<figure class=\"aligncenter size-full\"><img loading=\"lazy\" decoding=\"async\" width=\"640\" height=\"480\" src=\"https:\/\/grundschule-hirsau.de\/wp-content\/uploads\/2026\/04\/IMG_8105.jpeg\" alt=\"\" class=\"wp-image-4801\" srcset=\"https:\/\/grundschule-hirsau.de\/wp-content\/uploads\/2026\/04\/IMG_8105.jpeg 640w, https:\/\/grundschule-hirsau.de\/wp-content\/uploads\/2026\/04\/IMG_8105-300x225.jpeg 300w, https:\/\/grundschule-hirsau.de\/wp-content\/uploads\/2026\/04\/IMG_8105-120x90.jpeg 120w\" sizes=\"auto, (max-width: 640px) 100vw, 640px\" \/><\/figure>\n<\/div>\n\n\n<p><\/p>\n\n\n\n<figure class=\"wp-block-gallery has-nested-images columns-default is-cropped wp-block-gallery-1 is-layout-flex wp-block-gallery-is-layout-flex\">\n<figure class=\"wp-block-image size-large\"><img loading=\"lazy\" decoding=\"async\" width=\"480\" height=\"640\" data-id=\"4803\" src=\"https:\/\/grundschule-hirsau.de\/wp-content\/uploads\/2026\/04\/IMG_8107-rotated.jpeg\" alt=\"\" class=\"wp-image-4803\" srcset=\"https:\/\/grundschule-hirsau.de\/wp-content\/uploads\/2026\/04\/IMG_8107-rotated.jpeg 480w, https:\/\/grundschule-hirsau.de\/wp-content\/uploads\/2026\/04\/IMG_8107-225x300.jpeg 225w\" sizes=\"auto, (max-width: 480px) 100vw, 480px\" \/><\/figure>\n\n\n\n<figure class=\"wp-block-image size-large\"><img loading=\"lazy\" decoding=\"async\" width=\"480\" height=\"640\" data-id=\"4804\" src=\"https:\/\/grundschule-hirsau.de\/wp-content\/uploads\/2026\/04\/IMG_8108-rotated.jpeg\" alt=\"\" class=\"wp-image-4804\" srcset=\"https:\/\/grundschule-hirsau.de\/wp-content\/uploads\/2026\/04\/IMG_8108-rotated.jpeg 480w, https:\/\/grundschule-hirsau.de\/wp-content\/uploads\/2026\/04\/IMG_8108-225x300.jpeg 225w\" sizes=\"auto, (max-width: 480px) 100vw, 480px\" \/><\/figure>\n<\/figure>\n\n\n\n<p><\/p>\n\n\n\n<figure class=\"wp-block-gallery has-nested-images columns-default is-cropped wp-block-gallery-2 is-layout-flex wp-block-gallery-is-layout-flex\">\n<figure class=\"wp-block-image size-large\"><img loading=\"lazy\" decoding=\"async\" width=\"640\" height=\"480\" data-id=\"4810\" src=\"https:\/\/grundschule-hirsau.de\/wp-content\/uploads\/2026\/04\/Design-ohne-Titel.png\" alt=\"\" class=\"wp-image-4810\" srcset=\"https:\/\/grundschule-hirsau.de\/wp-content\/uploads\/2026\/04\/Design-ohne-Titel.png 640w, https:\/\/grundschule-hirsau.de\/wp-content\/uploads\/2026\/04\/Design-ohne-Titel-300x225.png 300w, https:\/\/grundschule-hirsau.de\/wp-content\/uploads\/2026\/04\/Design-ohne-Titel-120x90.png 120w\" sizes=\"auto, (max-width: 640px) 100vw, 640px\" \/><\/figure>\n\n\n\n<figure class=\"wp-block-image size-large\"><img loading=\"lazy\" decoding=\"async\" width=\"640\" height=\"480\" data-id=\"4806\" src=\"https:\/\/grundschule-hirsau.de\/wp-content\/uploads\/2026\/04\/IMG_8111.jpeg\" alt=\"\" class=\"wp-image-4806\" srcset=\"https:\/\/grundschule-hirsau.de\/wp-content\/uploads\/2026\/04\/IMG_8111.jpeg 640w, https:\/\/grundschule-hirsau.de\/wp-content\/uploads\/2026\/04\/IMG_8111-300x225.jpeg 300w, https:\/\/grundschule-hirsau.de\/wp-content\/uploads\/2026\/04\/IMG_8111-120x90.jpeg 120w\" sizes=\"auto, (max-width: 640px) 100vw, 640px\" \/><\/figure>\n<\/figure>\n\n\n\n<p><br><\/p>\n","protected":false},"excerpt":{"rendered":"<p>Am 28. April war das Team von \u201eMensch: Theater!\u201c zu Gast an unserer Schule. Mit einer eindrucksvollen Szene aus dem Schulbus machten die Schauspielerinnen und Schauspieler das Thema Mobbing f\u00fcr alle erlebbar. Die Szene wurde unterbrochen, um gemeinsam \u00fcber das Geschehen zu sprechen und L\u00f6sungsm\u00f6glichkeiten zu entwickeln. Sch\u00fclerinnen und Sch\u00fcler konnten eigene Ideen einbringen und&hellip;<\/p>\n","protected":false},"author":2,"featured_media":0,"parent":0,"menu_order":0,"comment_status":"closed","ping_status":"closed","template":"","meta":{"footnotes":""},"class_list":["post-4800","page","type-page","status-publish","hentry"],"_links":{"self":[{"href":"https:\/\/grundschule-hirsau.de\/index.php?rest_route=\/wp\/v2\/pages\/4800","targetHints":{"allow":["GET"]}}],"collection":[{"href":"https:\/\/grundschule-hirsau.de\/index.php?rest_route=\/wp\/v2\/pages"}],"about":[{"href":"https:\/\/grundschule-hirsau.de\/index.php?rest_route=\/wp\/v2\/types\/page"}],"author":[{"embeddable":true,"href":"https:\/\/grundschule-hirsau.de\/index.php?rest_route=\/wp\/v2\/users\/2"}],"replies":[{"embeddable":true,"href":"https:\/\/grundschule-hirsau.de\/index.php?rest_route=%2Fwp%2Fv2%2Fcomments&post=4800"}],"version-history":[{"count":2,"href":"https:\/\/grundschule-hirsau.de\/index.php?rest_route=\/wp\/v2\/pages\/4800\/revisions"}],"predecessor-version":[{"id":4811,"href":"https:\/\/grundschule-hirsau.de\/index.php?rest_route=\/wp\/v2\/pages\/4800\/revisions\/4811"}],"wp:attachment":[{"href":"https:\/\/grundschule-hirsau.de\/index.php?rest_route=%2Fwp%2Fv2%2Fmedia&parent=4800"}],"curies":[{"name":"wp","href":"https:\/\/api.w.org\/{rel}","templated":true}]}}