{"id":4745,"date":"2026-03-12T21:45:32","date_gmt":"2026-03-12T20:45:32","guid":{"rendered":"https:\/\/grundschule-hirsau.de\/?page_id=4745"},"modified":"2026-03-12T21:56:32","modified_gmt":"2026-03-12T20:56:32","slug":"wintersporttag-im-polarion","status":"publish","type":"page","link":"https:\/\/grundschule-hirsau.de\/?page_id=4745","title":{"rendered":"Wintersporttag im Polarion"},"content":{"rendered":"\n<p class=\"has-medium-font-size\">Am <strong>10.03.2026<\/strong> verbrachten wir gemeinsam einen sch\u00f6nen Tag im Polarion. Auch in diesem Jahr hatten wieder alle Kinder gro\u00dfen Spa\u00df beim Schlittschuhlaufen. Sowohl die Kinder, die bereits sicher auf dem Eis fahren k\u00f6nnen, als auch diejenigen, die zum ersten Mal Schlittschuhe angezogen haben, hatten viel Freude und konnten neue Erfahrungen sammeln.<\/p>\n\n\n\n<p class=\"has-medium-font-size\">Mit viel Bewegung und gegenseitiger Unterst\u00fctzung wurde die Zeit auf dem Eis f\u00fcr alle zu einem tollen Erlebnis. Auch die Lehrer kamen auf ihre Kosten und hatten sichtlich Spa\u00df daran, gemeinsam mit den Kindern ihre Runden zu drehen.<\/p>\n\n\n\n<p class=\"has-medium-font-size\"><\/p>\n\n\n<div class=\"wp-block-image\">\n<figure class=\"aligncenter size-full\"><img loading=\"lazy\" decoding=\"async\" width=\"640\" height=\"480\" src=\"https:\/\/grundschule-hirsau.de\/wp-content\/uploads\/2026\/03\/3e5d973c-bd90-45e6-8a4f-8c1569e0dd14.jpg\" alt=\"\" class=\"wp-image-4746\" srcset=\"https:\/\/grundschule-hirsau.de\/wp-content\/uploads\/2026\/03\/3e5d973c-bd90-45e6-8a4f-8c1569e0dd14.jpg 640w, https:\/\/grundschule-hirsau.de\/wp-content\/uploads\/2026\/03\/3e5d973c-bd90-45e6-8a4f-8c1569e0dd14-300x225.jpg 300w, https:\/\/grundschule-hirsau.de\/wp-content\/uploads\/2026\/03\/3e5d973c-bd90-45e6-8a4f-8c1569e0dd14-120x90.jpg 120w\" sizes=\"auto, (max-width: 640px) 100vw, 640px\" \/><\/figure>\n<\/div>\n\n\n<p><\/p>\n\n\n\n<figure class=\"wp-block-gallery has-nested-images columns-default is-cropped wp-block-gallery-1 is-layout-flex wp-block-gallery-is-layout-flex\">\n<figure class=\"wp-block-image size-large\"><img loading=\"lazy\" decoding=\"async\" width=\"480\" height=\"640\" data-id=\"4749\" src=\"https:\/\/grundschule-hirsau.de\/wp-content\/uploads\/2026\/03\/f8dedba1-e339-4822-afb3-1840534638c7.jpg\" alt=\"\" class=\"wp-image-4749\" srcset=\"https:\/\/grundschule-hirsau.de\/wp-content\/uploads\/2026\/03\/f8dedba1-e339-4822-afb3-1840534638c7.jpg 480w, https:\/\/grundschule-hirsau.de\/wp-content\/uploads\/2026\/03\/f8dedba1-e339-4822-afb3-1840534638c7-225x300.jpg 225w\" sizes=\"auto, (max-width: 480px) 100vw, 480px\" \/><\/figure>\n\n\n\n<figure class=\"wp-block-image size-large\"><img loading=\"lazy\" decoding=\"async\" width=\"480\" height=\"640\" data-id=\"4748\" src=\"https:\/\/grundschule-hirsau.de\/wp-content\/uploads\/2026\/03\/9db11e6c-9edc-4aaa-93d2-b2efe20266cc.jpg\" alt=\"\" class=\"wp-image-4748\" srcset=\"https:\/\/grundschule-hirsau.de\/wp-content\/uploads\/2026\/03\/9db11e6c-9edc-4aaa-93d2-b2efe20266cc.jpg 480w, https:\/\/grundschule-hirsau.de\/wp-content\/uploads\/2026\/03\/9db11e6c-9edc-4aaa-93d2-b2efe20266cc-225x300.jpg 225w\" sizes=\"auto, (max-width: 480px) 100vw, 480px\" \/><\/figure>\n<\/figure>\n\n\n\n<p><\/p>\n\n\n\n<figure class=\"wp-block-gallery has-nested-images columns-default is-cropped wp-block-gallery-2 is-layout-flex wp-block-gallery-is-layout-flex\">\n<figure class=\"wp-block-image size-large\"><img loading=\"lazy\" decoding=\"async\" width=\"480\" height=\"640\" data-id=\"4750\" src=\"https:\/\/grundschule-hirsau.de\/wp-content\/uploads\/2026\/03\/f51327ca-04ab-4161-91aa-777d749a4556.jpg\" alt=\"\" class=\"wp-image-4750\" srcset=\"https:\/\/grundschule-hirsau.de\/wp-content\/uploads\/2026\/03\/f51327ca-04ab-4161-91aa-777d749a4556.jpg 480w, https:\/\/grundschule-hirsau.de\/wp-content\/uploads\/2026\/03\/f51327ca-04ab-4161-91aa-777d749a4556-225x300.jpg 225w\" sizes=\"auto, (max-width: 480px) 100vw, 480px\" \/><\/figure>\n\n\n\n<figure class=\"wp-block-image size-large\"><img loading=\"lazy\" decoding=\"async\" width=\"768\" height=\"1024\" data-id=\"4747\" src=\"https:\/\/grundschule-hirsau.de\/wp-content\/uploads\/2026\/03\/5ba9feae-e9b9-4bdb-a90c-39d8bb68a951-768x1024.jpg\" alt=\"\" class=\"wp-image-4747\" srcset=\"https:\/\/grundschule-hirsau.de\/wp-content\/uploads\/2026\/03\/5ba9feae-e9b9-4bdb-a90c-39d8bb68a951-768x1024.jpg 768w, https:\/\/grundschule-hirsau.de\/wp-content\/uploads\/2026\/03\/5ba9feae-e9b9-4bdb-a90c-39d8bb68a951-225x300.jpg 225w, https:\/\/grundschule-hirsau.de\/wp-content\/uploads\/2026\/03\/5ba9feae-e9b9-4bdb-a90c-39d8bb68a951-1152x1536.jpg 1152w, https:\/\/grundschule-hirsau.de\/wp-content\/uploads\/2026\/03\/5ba9feae-e9b9-4bdb-a90c-39d8bb68a951.jpg 1200w\" sizes=\"auto, (max-width: 768px) 100vw, 768px\" \/><\/figure>\n<\/figure>\n\n\n\n<p><\/p>\n\n\n\n<figure class=\"wp-block-gallery has-nested-images columns-default is-cropped wp-block-gallery-3 is-layout-flex wp-block-gallery-is-layout-flex\">\n<figure class=\"wp-block-image size-large\"><img loading=\"lazy\" decoding=\"async\" width=\"640\" height=\"480\" data-id=\"4752\" src=\"https:\/\/grundschule-hirsau.de\/wp-content\/uploads\/2026\/03\/IMG_7755.jpeg\" alt=\"\" class=\"wp-image-4752\" srcset=\"https:\/\/grundschule-hirsau.de\/wp-content\/uploads\/2026\/03\/IMG_7755.jpeg 640w, https:\/\/grundschule-hirsau.de\/wp-content\/uploads\/2026\/03\/IMG_7755-300x225.jpeg 300w, https:\/\/grundschule-hirsau.de\/wp-content\/uploads\/2026\/03\/IMG_7755-120x90.jpeg 120w\" sizes=\"auto, (max-width: 640px) 100vw, 640px\" \/><\/figure>\n\n\n\n<figure class=\"wp-block-image size-large\"><img loading=\"lazy\" decoding=\"async\" width=\"640\" height=\"480\" data-id=\"4753\" src=\"https:\/\/grundschule-hirsau.de\/wp-content\/uploads\/2026\/03\/IMG_7762.jpeg\" alt=\"\" class=\"wp-image-4753\" srcset=\"https:\/\/grundschule-hirsau.de\/wp-content\/uploads\/2026\/03\/IMG_7762.jpeg 640w, https:\/\/grundschule-hirsau.de\/wp-content\/uploads\/2026\/03\/IMG_7762-300x225.jpeg 300w, https:\/\/grundschule-hirsau.de\/wp-content\/uploads\/2026\/03\/IMG_7762-120x90.jpeg 120w\" sizes=\"auto, (max-width: 640px) 100vw, 640px\" \/><\/figure>\n<\/figure>\n","protected":false},"excerpt":{"rendered":"<p>Am 10.03.2026 verbrachten wir gemeinsam einen sch\u00f6nen Tag im Polarion. Auch in diesem Jahr hatten wieder alle Kinder gro\u00dfen Spa\u00df beim Schlittschuhlaufen. Sowohl die Kinder, die bereits sicher auf dem Eis fahren k\u00f6nnen, als auch diejenigen, die zum ersten Mal Schlittschuhe angezogen haben, hatten viel Freude und konnten neue Erfahrungen sammeln. Mit viel Bewegung und&hellip;<\/p>\n","protected":false},"author":2,"featured_media":0,"parent":0,"menu_order":0,"comment_status":"closed","ping_status":"closed","template":"","meta":{"footnotes":""},"class_list":["post-4745","page","type-page","status-publish","hentry"],"_links":{"self":[{"href":"https:\/\/grundschule-hirsau.de\/index.php?rest_route=\/wp\/v2\/pages\/4745","targetHints":{"allow":["GET"]}}],"collection":[{"href":"https:\/\/grundschule-hirsau.de\/index.php?rest_route=\/wp\/v2\/pages"}],"about":[{"href":"https:\/\/grundschule-hirsau.de\/index.php?rest_route=\/wp\/v2\/types\/page"}],"author":[{"embeddable":true,"href":"https:\/\/grundschule-hirsau.de\/index.php?rest_route=\/wp\/v2\/users\/2"}],"replies":[{"embeddable":true,"href":"https:\/\/grundschule-hirsau.de\/index.php?rest_route=%2Fwp%2Fv2%2Fcomments&post=4745"}],"version-history":[{"count":3,"href":"https:\/\/grundschule-hirsau.de\/index.php?rest_route=\/wp\/v2\/pages\/4745\/revisions"}],"predecessor-version":[{"id":4758,"href":"https:\/\/grundschule-hirsau.de\/index.php?rest_route=\/wp\/v2\/pages\/4745\/revisions\/4758"}],"wp:attachment":[{"href":"https:\/\/grundschule-hirsau.de\/index.php?rest_route=%2Fwp%2Fv2%2Fmedia&parent=4745"}],"curies":[{"name":"wp","href":"https:\/\/api.w.org\/{rel}","templated":true}]}}