{"id":173,"date":"2020-05-23T11:14:01","date_gmt":"2020-05-23T09:14:01","guid":{"rendered":"https:\/\/grundschule-hirsau.de\/?page_id=173"},"modified":"2020-05-23T12:05:36","modified_gmt":"2020-05-23T10:05:36","slug":"paedagogisches-konzept","status":"publish","type":"page","link":"https:\/\/grundschule-hirsau.de\/?page_id=173","title":{"rendered":"p\u00e4dagogisches Konzept"},"content":{"rendered":"\n<div class=\"wp-block-file\"><a href=\"https:\/\/grundschule-hirsau.de\/wp-content\/uploads\/2020\/05\/p\u00e4dagogische-Grunds\u00e4tze-neu.pdf\">p\u00e4dagogische-Grunds\u00e4tze-neu<\/a><a href=\"https:\/\/grundschule-hirsau.de\/wp-content\/uploads\/2020\/05\/p\u00e4dagogische-Grunds\u00e4tze-neu.pdf\" class=\"wp-block-file__button\" download>Herunterladen<\/a><\/div>\n\n\n\n<p>Wir unterrichten jahrgangsgemischt. Die wichtigsten Gr\u00fcnde daf\u00fcr sind<\/p>\n\n\n\n<ul class=\"wp-block-list\"><li>Kein Kind ist immer das leistungsst\u00e4rkste oder leistungsschw\u00e4chste. Jedes Kind, auch ein leistungsschwaches, erlebt, dass es Lernfortschritte macht.<\/li><li>Jedes Kind kann sein Wissen weitergeben und festigen, indem es einem anderen Kind etwas zeigt und erkl\u00e4rt, ihm in irgendeiner Form helfen kann (nicht nur die Gro\u00dfen den Kleinen!)<\/li><li>Jedem Kind wird durch den Rollenwechsel zugemutet, sich mit sich, seinen Gef\u00fchlen und seiner Entwicklung auseinanderzusetzen.<\/li><li>Ein Kind kann seinen individuellen Lernweg gehen, ohne seine soziale Gruppe zu verlassen.<\/li><li>Die Selbstst\u00e4ndigkeit wird deutlich erh\u00f6ht.<\/li><li>Feste Regeln und Rituale werden \u201evererbt\u201c und m\u00fcssen nicht immer neu einge\u00fcbt werden. Dies gibt Sicherheit und Geborgenheit.<\/li><li>Binnendifferenzierung wird zum Unterrichtsprinzip, die individuellen Lernst\u00e4nde und Lernfortschritte werden ber\u00fccksichtigt.<\/li><\/ul>\n\n\n\n<p>Die Einschulung der Kinder erfolgt 2-mal im Jahr. Kinder, die im Herbst noch nicht die Schulreife haben, k\u00f6nnen ein weiteres halbes Jahr in Kindergarten gef\u00f6rdert werden und haben dann die M\u00f6glichkeit im Februar eingeschult zu werden.<\/p>\n\n\n\n<p>Vor allem bei den 4.-Kl\u00e4sslern muss ein gro\u00dfes Augenmerk auf die Empfehlung in die weiterf\u00fchrenden Schulen gelegt werden. Die Abschaffung der verbindlichen Grundschulempfehlung verunsichert viele Eltern und macht die Beratungsgespr\u00e4che wichtiger denn je. Unsere Auseinandersetzung mit Leistungsmessung \u00fcberhaupt und speziell mit den Beobachtungsb\u00f6gen f\u00fcr Klasse 3 und 4 soll den betroffenen Kolleginnen dabei helfen.<\/p>\n\n\n\n<p>F\u00fcr den Zusammenhalt der Kinder in der Klasse ist eine Schullandheimfahrt oder eine Lesenacht pro Schuljahr geplant, die Kinder bekommen die M\u00f6glichkeit sich besser oder neu kennen zu lernen.<\/p>\n\n\n\n<p><strong>Das musisch-\u00e4sthetische Profil der Schule<\/strong><\/p>\n\n\n\n<p>In der Hirsauer Grundschule wurde und wird stets Wert auf eine gute musisch-\u00e4sthetische Ausbildung gelegt. Freude am Singen, Musizieren, Malen und Gestalten, Tanzen und Bewegen soll vermittelt werden, aber auch das Lernen mit allen Sinnen steht im Mittelpunkt.<\/p>\n\n\n\n<p>Projekttage werden 2 \u2013 3-mal im Schuljahr jahrgangs\u00fcbergreifend f\u00fcr Klasse 1-4 im Rahmen unseres Schulprofils angeboten. In den letzten Jahren waren folgende Themen Schwerpunkte:<\/p>\n\n\n\n<ul class=\"wp-block-list\"><li>Fit in den Fr\u00fchling<\/li><li>Sporttage mit Bundesjugendspielen<\/li><li>Rund um Weihnachten<\/li><li>Den Herbst mit allen Sinnen erleben<\/li><\/ul>\n\n\n\n<p>Die&nbsp; Arbeitsgemeinschaften sind auf das Profil ausgerichtet und die Zusammenarbeit mit der Musikschule Calw sowie dem ortsans\u00e4ssigen Sportverein ist hier von gro\u00dfem Vorteil.<\/p>\n\n\n\n<p>AG-Angebote f\u00fcr die Sch\u00fcler 8 (Angeboten wechseln von Schuljahr zu Schuljahr):<\/p>\n\n\n\n<ul class=\"wp-block-list\"><li>Schulchor<\/li><li>Tanz-AG<\/li><li>Kunst- und Textil-AG<\/li><li>Sport: Rund um den Ball, Judo, Tennis<\/li><li>Werk-AG <\/li><li>Garten-AG<\/li><\/ul>\n\n\n\n<p>Um unser schulisches Profil auszubauen ist die Zusammenarbeit mit der Musikschule Calw wichtig. Im Rahmen des Wart-Projektes &nbsp;m\u00f6chten wir schon den Erstkl\u00e4sslern eine intensive Auseinandersetzung mit Musik &nbsp;anbieten.&nbsp; Instrumentale Angebote, wie Fl\u00f6te und Akkordeonunterricht,  stehen den Kindern zur Verf\u00fcgung.<\/p>\n","protected":false},"excerpt":{"rendered":"<p>Wir unterrichten jahrgangsgemischt. Die wichtigsten Gr\u00fcnde daf\u00fcr sind Kein Kind ist immer das leistungsst\u00e4rkste oder leistungsschw\u00e4chste. Jedes Kind, auch ein leistungsschwaches, erlebt, dass es Lernfortschritte macht. Jedes Kind kann sein Wissen weitergeben und festigen, indem es einem anderen Kind etwas zeigt und erkl\u00e4rt, ihm in irgendeiner Form helfen kann (nicht nur die Gro\u00dfen den Kleinen!)&hellip;<\/p>\n","protected":false},"author":2,"featured_media":0,"parent":0,"menu_order":0,"comment_status":"closed","ping_status":"closed","template":"","meta":{"footnotes":""},"class_list":["post-173","page","type-page","status-publish","hentry"],"_links":{"self":[{"href":"https:\/\/grundschule-hirsau.de\/index.php?rest_route=\/wp\/v2\/pages\/173","targetHints":{"allow":["GET"]}}],"collection":[{"href":"https:\/\/grundschule-hirsau.de\/index.php?rest_route=\/wp\/v2\/pages"}],"about":[{"href":"https:\/\/grundschule-hirsau.de\/index.php?rest_route=\/wp\/v2\/types\/page"}],"author":[{"embeddable":true,"href":"https:\/\/grundschule-hirsau.de\/index.php?rest_route=\/wp\/v2\/users\/2"}],"replies":[{"embeddable":true,"href":"https:\/\/grundschule-hirsau.de\/index.php?rest_route=%2Fwp%2Fv2%2Fcomments&post=173"}],"version-history":[{"count":4,"href":"https:\/\/grundschule-hirsau.de\/index.php?rest_route=\/wp\/v2\/pages\/173\/revisions"}],"predecessor-version":[{"id":211,"href":"https:\/\/grundschule-hirsau.de\/index.php?rest_route=\/wp\/v2\/pages\/173\/revisions\/211"}],"wp:attachment":[{"href":"https:\/\/grundschule-hirsau.de\/index.php?rest_route=%2Fwp%2Fv2%2Fmedia&parent=173"}],"curies":[{"name":"wp","href":"https:\/\/api.w.org\/{rel}","templated":true}]}}