{"id":104,"date":"2020-05-23T10:35:50","date_gmt":"2020-05-23T08:35:50","guid":{"rendered":"https:\/\/grundschule-hirsau.de\/?page_id=104"},"modified":"2024-02-23T10:16:31","modified_gmt":"2024-02-23T09:16:31","slug":"unsere-schule","status":"publish","type":"page","link":"https:\/\/grundschule-hirsau.de\/?page_id=104","title":{"rendered":"unsere Schule"},"content":{"rendered":"<div class=\"wp-block-image\">\n<figure class=\"aligncenter size-large is-resized\"><img loading=\"lazy\" decoding=\"async\" width=\"1024\" height=\"819\" src=\"https:\/\/grundschule-hirsau.de\/wp-content\/uploads\/2020\/05\/Logo_Schule_Hirsau-1024x819.jpg\" alt=\"\" class=\"wp-image-179\" style=\"width:216px;height:172px\" srcset=\"https:\/\/grundschule-hirsau.de\/wp-content\/uploads\/2020\/05\/Logo_Schule_Hirsau-1024x819.jpg 1024w, https:\/\/grundschule-hirsau.de\/wp-content\/uploads\/2020\/05\/Logo_Schule_Hirsau-300x240.jpg 300w, https:\/\/grundschule-hirsau.de\/wp-content\/uploads\/2020\/05\/Logo_Schule_Hirsau-768x614.jpg 768w, https:\/\/grundschule-hirsau.de\/wp-content\/uploads\/2020\/05\/Logo_Schule_Hirsau.jpg 1346w\" sizes=\"auto, (max-width: 1024px) 100vw, 1024px\" \/><\/figure>\n<\/div>\n\n\n<p>Die Grundschule Hirsau ist eine Halbtagsschule mit zwei jahrgangsgemischten Klassen 1\/2 und zwei jahrgangsgemischten Klassen 3\/4.<\/p>\n\n\n\n<p>Sie ist die einzige Schule in Hirsau und eine von 6 Grundschulen in Calw. Das Einzugsgebiet der Schule ist eher l\u00e4ndlich. Die Kinder kommen aus Hirsau und Ernstm\u00fchl vereinzelt auch aus Calw und der Umgebung.<\/p>\n\n\n\n<p>Die Sch\u00fclerzahlen liegen im Schnitt bei ungef\u00e4hr 80 Sch\u00fclerinnen und Sch\u00fclern.<\/p>\n\n\n\n<p>Es unterrichten sechs staatliche und zwei kirchliche Lehrkraft an der Schule. Zwei Kernzeitbetreuerinnen, eine freie Mitarbeiterin f\u00fcr die HA-Betreuung, zwei Mitarbeiter\/innen der Calwer Musikschule, eine Sekret\u00e4rin, ein Hausmeister (der f\u00fcr alle \u00f6ffentlichen Geb\u00e4ude in Hirsau zust\u00e4ndig ist) sowie zwei Reinigungskr\u00e4fte unterst\u00fctzen die Arbeit der Schule.<\/p>\n\n\n\n<p>Das Schulgel\u00e4nde ist eingebettet in die Klosteranlage. Der Schulhof teilt sich in einen oberen und einen unteren Hof und wird auf der oberen Seite begrenzt durch die Wiese des Klosters, die f\u00fcr die Sch\u00fcler nach Absprache zug\u00e4nglich ist. Unten und zur Seite begrenzt jeweils ein Weg den Hof. Beide sind f\u00fcr den \u00f6ffentlichen Autobetrieb nicht befahrbar. Auf dem Gel\u00e4nde befindet sich auch einer der beiden Hirsauer Kinderg\u00e4rten, au\u00dferdem unserer Schulgarten und unserer Spielplatz mit Trampolin und Kletterwand. Es gibt drei Schulgeb\u00e4ude mit vier Eing\u00e4ngen, das Baujahr &nbsp;&nbsp;&nbsp; der zwei alten Geb\u00e4ude ist nicht bekannt, das neue Haus (Regenbogenhaus) wurde 1995 erbaut. Das Hauptgeb\u00e4ude  hat einen Dachboden und eine Wohnung in der ersten Etage,&nbsp;&nbsp;die als Materialraum genutzt wird.&nbsp;<\/p>\n\n\n\n<p>Der Grundschule Hirsau stehen 7 Klassenzimmer zur Verf\u00fcgung, \u00fcberall hat man \u00fcber die mit W-lan verbundenen Laptops Internetzugang. In den Zimmern des oberen Geb\u00e4udes ist au\u00dferdem eine PC Anlage mit 8 PC\u00b4s mit station\u00e4rem Internet. Ein Raum steht der Schulkindbetreuung zur Verf\u00fcgung, Es gibt ein Sekretariat, au\u00dferdem ein Rektorat, ein Besprechungszimmer, Lehr- und Lernmittelsammlung im Keller, eine Sch\u00fclerbibliothek und&nbsp; Gruppenraum im Pavillon.<\/p>\n\n\n\n<p>Der Sportunterricht wird in der ca. 700 m (ca. 10 min Fu\u00dfweg) entfernten Sporthalle erteilt. Der Schwimmunterricht findet im \u00f6ffentlichen Schwimmbad in Althengstett statt. Dieses erreichen die Sch\u00fcler und Sch\u00fclerinnen (Klasse \u00be) mit dem Bus, der von der Stadt Calw eigens f\u00fcr den Unterricht eingesetzt und bezahlt wird.<\/p>\n","protected":false},"excerpt":{"rendered":"<p>Die Grundschule Hirsau ist eine Halbtagsschule mit zwei jahrgangsgemischten Klassen 1\/2 und zwei jahrgangsgemischten Klassen 3\/4. Sie ist die einzige Schule in Hirsau und eine von 6 Grundschulen in Calw. Das Einzugsgebiet der Schule ist eher l\u00e4ndlich. Die Kinder kommen aus Hirsau und Ernstm\u00fchl vereinzelt auch aus Calw und der Umgebung. Die Sch\u00fclerzahlen liegen im&hellip;<\/p>\n","protected":false},"author":2,"featured_media":0,"parent":0,"menu_order":0,"comment_status":"closed","ping_status":"closed","template":"","meta":{"footnotes":""},"class_list":["post-104","page","type-page","status-publish","hentry"],"_links":{"self":[{"href":"https:\/\/grundschule-hirsau.de\/index.php?rest_route=\/wp\/v2\/pages\/104","targetHints":{"allow":["GET"]}}],"collection":[{"href":"https:\/\/grundschule-hirsau.de\/index.php?rest_route=\/wp\/v2\/pages"}],"about":[{"href":"https:\/\/grundschule-hirsau.de\/index.php?rest_route=\/wp\/v2\/types\/page"}],"author":[{"embeddable":true,"href":"https:\/\/grundschule-hirsau.de\/index.php?rest_route=\/wp\/v2\/users\/2"}],"replies":[{"embeddable":true,"href":"https:\/\/grundschule-hirsau.de\/index.php?rest_route=%2Fwp%2Fv2%2Fcomments&post=104"}],"version-history":[{"count":4,"href":"https:\/\/grundschule-hirsau.de\/index.php?rest_route=\/wp\/v2\/pages\/104\/revisions"}],"predecessor-version":[{"id":2925,"href":"https:\/\/grundschule-hirsau.de\/index.php?rest_route=\/wp\/v2\/pages\/104\/revisions\/2925"}],"wp:attachment":[{"href":"https:\/\/grundschule-hirsau.de\/index.php?rest_route=%2Fwp%2Fv2%2Fmedia&parent=104"}],"curies":[{"name":"wp","href":"https:\/\/api.w.org\/{rel}","templated":true}]}}